-z*t = 4*k - 7888. Is k prime?
False
Let v = -361 + 363. Suppose -3*a = -7*m + 6*m + 4592, -v*m + 9159 = -a. Is m prime?
False
Let f(r) = -23*r**3 + 5*r**2 - 9*r + 1. Let m be f(-6). Let x = 4608 + -603. Suppose -m - x = -8*q. Is q composite?
False
Let m(k) = 68*k - 117*k + 69*k + 11. Let h be (-1)/(-3) + 26/3. Is m(h) a composite number?
False
Suppose -2*c - 30 = -5*r, -r + 6 = -0*r + 5*c. Is r + -1 + 0 + 6938 composite?
True
Let j(k) = k**2 - 2*k - 11. Let b be j(-5). Suppose l + b = 7*l. Let y(h) = 10*h**2 + 2*h - 5. Is y(l) a composite number?
False
Let l(p) = 38*p**3 - 23*p**3 - 2*p**2 - 16*p**3 + 6*p + 1. Is l(-8) composite?
False
Suppose -36*n = 2*n - 304. Suppose n*h + 84405 = 23*h. Is h composite?
True
Let j(c) = 745*c**2 + 4*c + 3. Let w be j(-3). Let k = 1780 + w. Suppose -2617 - k = -4*x - 3*y, 5*y = -2*x + 5529. Is x a prime number?
True
Let a = -324690 - -1279894. Suppose a + 313177 = 23*d. Is d a prime number?
True
Suppose -3*p = 3, -5*u - 3*p + 22627 = -0*p. Suppose -q - 534 = -2*m + 4012, 4*q = -2*m + u. Is m composite?
True
Suppose 2*u - 79559 = -3*n, -63*n + 3*u = -64*n + 26515. Is n a composite number?
True
Let j = 117322 + 3829. Is j a composite number?
False
Let x = -104375 - -264316. Suppose -31*p = 10*p - x. Is p composite?
True
Let w be (((-8)/12 + 1)*948)/1. Suppose 2248 = 7*p + w. Suppose -3*y - p = -1089. Is y a prime number?
True
Let v(d) = d**3 + 107*d**2 + 395*d - 82. Is v(-91) composite?
False
Suppose b + 15732 = -3*b + 5*y, -5*b = -y + 19686. Let f = b + 6660. Is f a composite number?
True
Let f(y) = 8757*y**2 - 12*y + 45. Is f(4) composite?
True
Suppose -h = 27 - 23. Let g(o) = -54*o - 11. Is g(h) a prime number?
False
Suppose -4*p - p - 3428 = f, -5*f - p = 17068. Let l = f - -5167. Is l a prime number?
False
Let q = -140958 + 205601. Is q a prime number?
False
Let f = 3450 - 1227. Is f/(-26)*(-2)/3 composite?
True
Suppose -a + 4*i + 2077 = 0, 4*a - 30*i + 26*i - 8236 = 0. Is a composite?
False
Let h = -160 - -158. Is -2 + 2 + 12609 - h composite?
False
Let w = -85828 - -156365. Is w a prime number?
True
Is (-12)/(-24)*-44207*-2 prime?
True
Let i(u) = 19*u**2 - u - 3 + 6 + 2*u + 4. Let b = 17 + -23. Is i(b) a prime number?
False
Let v(x) = -8*x - 18. Let h be v(-3). Suppose 2*w - 2*c - 22398 = 0, -22404 = -h*w + 4*w + 5*c. Is w prime?
True
Let u(m) = -1471*m + 4. Suppose 3*x - 4*d - 90 = -2*d, x = 4*d + 20. Suppose -4*z + x = -4*p, -2*z + 0*z + 4 = 2*p. Is u(p) prime?
False
Suppose -3*w - 1423259 = -337*f + 336*f, -2*w - 7116295 = -5*f. Is f a prime number?
True
Suppose -62*a - 99*a + 161253546 - 57316615 = 0. Is a a composite number?
False
Suppose 0 = 5*h - 5*n - 56575, -56109 + 10845 = -4*h + 5*n. Is h a composite number?
False
Let c = 19984 + -11471. Is c composite?
False
Let y(c) = 18738*c**2 + 32*c + 71. Is y(-3) prime?
True
Suppose -151 = -7*d + 87. Suppose -d*x - 22677 = -37*x. Is x a composite number?
False
Let s(p) = -18558*p**3 - 8*p**2 - 21*p - 14. Is s(-3) prime?
True
Let t = 105021 - 26143. Is t composite?
True
Let m(t) = -12207*t**3 + t**2 - 3*t + 7. Is m(-4) prime?
True
Let q(t) = -8857*t**3 + 4*t**2 - 67*t - 71. Is q(-1) prime?
False
Is ((-2)/4)/((-1)/91023)*32/48 a prime number?
True
Let d be ((-1)/4)/((-46)/8 - -6). Let y be (11 - 8)*d/(1/1). Is -3*(866/y - -1) prime?
True
Suppose 4*j - 3067042 = 524274. Is j composite?
False
Suppose -53632 = -g + 27268. Suppose -8*f = 12*f - g. Is f a composite number?
True
Let u = 6766 + -3651. Let r = -84 + u. Is r a composite number?
True
Let d be (-2)/(-4)*-7*(-10 + 8). Suppose l - d*l + 24 = 0. Suppose 0 = -2*q + 7*q - 4*t - 4831, 2*q + l*t - 1938 = 0. Is q prime?
True
Suppose 12047*b - 12091*b + 48893548 = 0. Is b composite?
True
Let i(q) be the first derivative of 15*q**4/4 - 4*q**3/3 + 9*q**2/2 - 25*q + 112. Is i(3) a composite number?
True
Let r = -46 - -49. Suppose r*j - 4931 = -4*a, 0*a - a = 3*j - 4943. Is j a composite number?
True
Let l be -5 + 5 + 3 + 3434. Suppose -14667 = -3*r + 3*w, 2*r - l - 6341 = -w. Is r a prime number?
True
Let n = 841 + 21038. Let i = n + -11501. Is i prime?
False
Suppose 78*x - 62*x - 1728 = 0. Suppose 0 = -76*o + x*o - 448. Is o a prime number?
False
Suppose -146*o + 5355022 = 1763568. Is o prime?
False
Let t = -2926 - -6471. Is t a prime number?
False
Let s = 5 - 2. Suppose -s*q = -4*i + 12, -3*q + 12 = 4*i - 8*q. Is (-1417)/(-11) + ((-140)/(-44) - i) a prime number?
False
Let f be (-7 - 72/(-6))*1. Suppose c + 0*w = w + 6034, -f*c + 30146 = 3*w. Is c prime?
False
Is 56/(-16) - (-2377325)/50 a prime number?
True
Is -8 + (822/(-62)*-33209 - (-134)/(-2077)) composite?
True
Suppose -2*u = 24*c - 19*c - 2243054, -4*u - 4*c + 4486108 = 0. Is u composite?
True
Let o(b) = b**3 - 4*b**2 - 11*b + 4. Let s be o(9). Suppose 4*c = 3*x - s - 672, -x - 3*c + 310 = 0. Suppose z - 385 = x. Is z a prime number?
False
Suppose 0 = 65*v - 3736754 - 6199341. Is v a prime number?
False
Suppose 5*a = -30, 0 = -2*s - 4*a - 42917 + 134547. Is s composite?
False
Let a(z) = 27*z**2 + 5. Let q be (-62)/(-4) - (-8)/(-16). Let t be (-14 + q)*(9 + -1). Is a(t) composite?
False
Let i = 280 - 276. Is 15 + (-4 - 4*(-2)/i) prime?
True
Is (-11 + 16)*1694505/25 prime?
False
Suppose -a + 5*n + 8538 + 24646 = 0, -5*n + 166010 = 5*a. Is a composite?
False
Let b(t) = -t**3 - 7*t**2 - 17*t - 1. Let q be b(-3). Is (15 - q) + 18*39 a prime number?
False
Suppose -78*a + 1758878 = -16*a. Is a composite?
True
Suppose -f + 2*j + 3 = 0, 5*j = 58 - 48. Let c(q) = 8*q**3 - 5*q**2 + 5*q - 5. Let u be c(6). Suppose f*r + u = 20*r. Is r composite?
True
Let g be (28/(-42))/((-2)/(-18)). Let h(z) = -8*z**3 - 20*z - 11. Is h(g) a prime number?
False
Let u(w) = -3088*w + 1353. Is u(-20) a prime number?
True
Let v = -30 + -39. Let f = -69 - v. Suppose f = 2*k - 11*k + 1827. Is k prime?
False
Let z(m) = -10*m**3 - 6*m + 1. Let d(o) = -19*o**3 - o**2 - 14*o + 2. Let w(y) = 2*d(y) - 5*z(y). Let c(t) = 5*t**2 - t. Let j be c(1). Is w(j) a prime number?
True
Let c = 76 + -72. Suppose 21328 = 4*m + y + y, 3*m - c*y - 15985 = 0. Is m a composite number?
True
Suppose 3*i + 159 = -2*q - 0*i, 0 = -2*q - 5*i - 161. Let p = 75 + q. Is 14/6 + p/9 + 83 prime?
False
Suppose -307395 = -5*t + 373580. Is t prime?
False
Suppose -3*d + 0 + 19 = 2*m, 3*d - 5*m = 26. Is 2818 - (-1 + 3)/(-9 + d) composite?
False
Suppose 27 - 4 = c. Let n = c - -29. Is ((-1334)/5)/(n/(-130)) a prime number?
False
Let r(q) = 2117*q**2 - 372*q + 3428. Is r(9) a prime number?
False
Let c = -97 - -102. Suppose c*p + 20 = 0, -3*p + 3680 = -33*i + 37*i. Is i composite?
True
Let d be 75/45*(-7 + 4). Let g(i) = -3*i + 8 - 5*i - 11*i. Is g(d) composite?
False
Let d be 14 + -15 + -4 - -2*5. Suppose -3*r + 3*l = -10311, 4*l - 2*l + 17173 = d*r. Is r composite?
False
Let a(l) = l**3 + 12*l**2 - 11*l + 23. Let m be a(-13). Let f be 2 - (m/6 + 1)*0. Is (f/(-4))/((-9)/6102) prime?
False
Let j(f) = f**3 + 2*f**2 + 6. Let i be j(0). Suppose -4*v = i*v - 34110. Suppose 4*h - v = -5*h. Is h prime?
True
Let n(g) = -g - 1. Suppose 5*y + 1 - 6 = 0. Let z(m) = -530*m - 18. Let h(v) = y*z(v) - n(v). Is h(-4) a composite number?
False
Let z(p) = p**3 + 18*p**2 - 6*p - 6. Let k be (-17)/(-6)*-4 + (-11)/(-33). Is z(k) composite?
False
Let z = 2237 - 1258. Let b = z - -3568. Is b prime?
True
Let u(l) = -l + 11. Let b be u(10). Let v be 8 + -8 + b*5. Suppose z + v*x = 648, 2*x - x = -2*z + 1341. Is z a composite number?
False
Let b = 30 + -42. Let r be (-3)/(b/(-16) - 0). Is (-31335)/(-60) - 3/r a prime number?
True
Let o = 9 + -6. Let t = 1223 - 870. Suppose 0 = -o*y - t + 1916. Is y composite?
False
Suppose -15 = -5*t, t - 3222 = -3*p - 3*t. Suppose 3386 + p = 8*r. Is r prime?
True
Suppose -3720 = -3*l + 3*y, y + 6204 = 5*l - 0*y. Suppose 407 = h + 3*z, 3*z + l = 3*h + 2*z. Is h prime?
False
Let c(w) = 51968*w**2 - 4*w + 7. Is c(1) a prime number?
True
Let m = 2560301 + -1373256. Is m a prime number?
False
Let m = -1660 - -1675. Let q(h) = -3*h**2 - 12*h - 11. Let b(g) = -4*g**2 - 12*g - 12. Let n(l) = -4*b(l) + 5*q(l). Is n(m) a composite number?
True
Let w be 4*3/66 - 34998/(-22). Let p = w - -516. Let r = p - 966. Is r composite?
True
Suppose -639 = -2*s + 65. Let g = s - 6. Is g prime?
False
Let d(y) = -18*y + 240. Let o be d(13)